ousands digit of 455507?
4
What is the hundreds digit of 1028886?
8
What is the ten thousands digit of 218573?
1
What is the tens digit of 475935?
3
What is the tens digit of 9607147?
4
What is the hundred thousands digit of 788720?
7
What is the tens digit of 7247919?
1
What is the tens digit of 519446?
4
What is the units digit of 6164885?
5
What is the hundred thousands digit of 644722?
6
What is the tens digit of 1022568?
6
What is the thousands digit of 1223634?
3
What is the hundreds digit of 1142041?
0
What is the millions digit of 7435550?
7
What is the hundreds digit of 10377833?
8
What is the ten thousands digit of 282124?
8
What is the hundreds digit of 422168?
1
What is the thousands digit of 1042948?
2
What is the thousands digit of 8821287?
1
What is the ten thousands digit of 182841?
8
What is the millions digit of 2126204?
2
What is the hundred thousands digit of 20918295?
9
What is the ten millions digit of 12295696?
1
What is the units digit of 1370693?
3
What is the units digit of 421860?
0
What is the tens digit of 375568?
6
What is the ten thousands digit of 150618?
5
What is the hundreds digit of 375857?
8
What is the tens digit of 99660?
6
What is the millions digit of 5760936?
5
What is the hundreds digit of 7207894?
8
What is the thousands digit of 220657?
0
What is the units digit of 1465533?
3
What is the thousands digit of 58252?
8
What is the tens digit of 413955?
5
What is the hundred thousands digit of 182823?
1
What is the hundreds digit of 1305616?
6
What is the millions digit of 2973843?
2
What is the tens digit of 27556247?
4
What is the tens digit of 5857976?
7
What is the hundreds digit of 174339?
3
What is the thousands digit of 494518?
4
What is the hundred thousands digit of 652111?
6
What is the hundreds digit of 58130?
1
What is the ten thousands digit of 457010?
5
What is the hundred thousands digit of 110468?
1
What is the units digit of 230772?
2
What is the tens digit of 2398724?
2
What is the thousands digit of 121571?
1
What is the hundred thousands digit of 1108893?
1
What is the units digit of 747985?
5
What is the ten thousands digit of 63008?
6
What is the hundred thousands digit of 511390?
5
What is the hundred thousands digit of 693776?
6
What is the ten thousands digit of 894279?
9
What is the ten thousands digit of 788852?
8
What is the units digit of 293327?
7
What is the thousands digit of 8435340?
5
What is the hundreds digit of 5219738?
7
What is the ten thousands digit of 46736?
4
What is the millions digit of 3670144?
3
What is the ten thousands digit of 898940?
9
What is the ten thousands digit of 8856750?
5
What is the tens digit of 194324?
2
What is the millions digit of 1135757?
1
What is the tens digit of 1475685?
8
What is the thousands digit of 315307?
5
What is the hundreds digit of 1174532?
5
What is the millions digit of 8351540?
8
What is the hundred thousands digit of 333356?
3
What is the hundreds digit of 1126794?
7
What is the ten thousands digit of 454771?
5
What is the hundred thousands digit of 559438?
5
What is the ten thousands digit of 2429316?
2
What is the tens digit of 2788971?
7
What is the units digit of 42455?
5
What is the hundreds digit of 12285741?
7
What is the thousands digit of 2683787?
3
What is the hundreds digit of 21188689?
6
What is the ten millions digit of 10477708?
1
What is the hundreds digit of 27778402?
4
What is the hundred thousands digit of 149460?
1
What is the hundreds digit of 627675?
6
What is the units digit of 2711388?
8
What is the units digit of 2062385?
5
What is the tens digit of 8094278?
7
What is the hundred thousands digit of 1191484?
1
What is the thousands digit of 103215?
3
What is the thousands digit of 1861571?
1
What is the hundred thousands digit of 17216045?
2
What is the units digit of 5363961?
1
What is the hundreds digit of 1797185?
1
What is the ten thousands digit of 178264?
7
What is the hundreds digit of 19246514?
5
What is the thousands digit of 9542559?
2
What is the units digit of 32287392?
2
What is the ten thousands digit of 222566?
2
What is the ten thousands digit of 1500719?
0
What is the thousands digit of 393960?
3
What is the units digit of 573282?
2
What is the hundreds digit of 1404795?
7
What is the hundred thousands digit of 706732?
7
What is the thousands digit of 18998356?
8
What is the units digit of 303330?
0
What is the hundreds digit of 5757367?
3
What is the thousands digit of 556451?
6
What is the hundreds digit of 1270322?
3
What is the units digit of 3304985?
5
What is the hundreds digit of 243373?
3
What is the hundred thousands digit of 181563?
1
What is the tens digit of 3562551?
5
What is the millions digit of 15996589?
5
What is the hundred thousands digit of 205315?
2
What is the hundreds digit of 3067401?
4
What is the hundred thousands digit of 15687184?
6
What is the units digit of 11870775?
5
What is the ten thousands digit of 44666?
4
What is the thousands digit of 61984?
1
What is the units digit of 407120?
0
What is the hundreds digit of 8129281?
2
What is the hundred thousands digit of 234650?
2
What is the units digit of 1316010?
0
What is the hundreds digit of 543044?
0
What is the hundreds digit of 896877?
8
What is the thousands digit of 12256?
2
What is the tens digit of 1582244?
4
What is the millions digit of 7091062?
7
What is the ten thousands digit of 272795?
7
What is the millions digit of 1864016?
1
What is the thousands digit of 741441?
1
What is the ten thousands digit of 1602944?
0
What is the units digit of 493102?
2
What is the units digit of 13003372?
2
What is the hundreds digit of 579783?
7
What is the ten thousands digit of 2273806?
7
What is the hundred thousands digit of 1367758?
3
What is the tens digit of 1331209?
0
What is the hundred thousands digit of 3242399?
2
What is the thousands digit of 75765?
5
What is the ten millions digit of 25367957?
2
What is the ten thousands digit of 547972?
4
What is the thousands digit of 11759684?
9
What is the ten thousands digit of 132833?
3
What is the units digit of 6975744?
4
What is the hundreds digit of 139146?
1
What is the hundred thousands digit of 314663?
3
What is the hundred thousands digit of 2137301?
1
What is the hundreds digit of 665114?
1
What is the ten thousands digit of 51328?
5
What is the tens digit of 23007659?
5
What is the units digit of 229750?
0
What is the hundreds digit of 4873143?
1
What is the thousands digit of 155290?
5
What is the units digit of 440496?
6
What is the hundred thousands digit of 131357?
1
What is the millions digit of 5713815?
5
What is the units digit of 2250219?
9
What is the thousands digit of 1506270?
6
What is the units digit of 63377?
7
What is the millions digit of 4351875?
4
What is the units digit of 139223?
3
What is the hundreds digit of 46879?
8
What is the units digit of 3053886?
6
What is the units digit of 618891?
1
What is the thousands digit of 186077?
6
What is the hundreds digit of 971146?
1
What is the ten thousands digit of 83475?
8
What is the tens digit of 1215177?
7
What is the units digit of 5884658?
8
What is the hundreds digit of 684492?
4
What is the units digit of 7796105?
5
What is the tens digit of 763?
6
What is the ten thousands digit of 909546?
0
What is the tens digit of 1848956?
5
What is the tens digit of 380213?
1
What is the ten thousands digit of 937914?
3
What is the units digit of 127595?
5
What is the ten thousands digit of 3557478?
5
What is the hundreds digit of 5267312?
3
What is the thousands digit of 349653?
9
What is the thousands digit of 50589?
0
What is the tens digit of 2304794?
9
What is the tens digit of 1538028?
2
What is the units digit of 601228?
8
What is the hundred thousands digit of 1058876?
0
What is the tens digit of 619968?
6
What is the tens digit of 322216?
1
What is the ten thousands digit of 168404?
6
What is the thousands digit of 4152171?
2
What is the ten thousands digit of 10741129?
4
What is the millions digit of 11032129?
1
What is the ten thousands digit of 3634695?
3
What is the millions digit of 1185437?
1
What is the ten thousands digit of 1509442?
0
What is the ten thousands digit of 12797985?
9
What is the units digit of 3594007?
7
What is the millions digit of 5287011?
5
What